{"id":14,"date":"2023-09-15T11:22:00","date_gmt":"2023-09-15T09:22:00","guid":{"rendered":"https:\/\/hollycurl.fr\/?page_id=14"},"modified":"2023-09-15T11:22:02","modified_gmt":"2023-09-15T09:22:02","slug":"prendre-rendez-vous-au-salon","status":"publish","type":"page","link":"https:\/\/www.hollycurl.fr\/?page_id=14","title":{"rendered":"Prendre rendez-vous au salon : nos prestations et tarifs"},"content":{"rendered":"\n<p>Pour prendre rendez-vous au salon \u00e0 tout moment et sans attendre c&rsquo;est simple et rapide avec notre agenda en ligne. (si l&rsquo;agenda ne s&rsquo;affiche pas correctement prenez votre rendez-vous en cliquant ici :\u00a0<a href=\"https:\/\/www.planity.com\/holly-curl-93130-noisy-le-sec\">Planity<\/a>). Une fois votre inscription effectu\u00e9e et votre rdv pris vous recevez un rappel la veille de votre rendez-vous.<\/p>\n\n\n\n<p>Et si vous pr\u00e9f\u00e9rez vous pouvez aussi nous joindre au salon au <a href=\"tel:0148470377\">01 48 47 03 77<\/a><\/p>\n\n\n<p><script>\n    window.planity = {\n        key: 'pfgn',\n        primaryColor: 'd5b36b'\n    };\n<\/script><br \/>\n<script src=\"https:\/\/d2skjte8udjqxw.cloudfront.net\/widget\/production\/polyfills.latest.js\"><\/script><br \/>\n<script src=\"https:\/\/d2skjte8udjqxw.cloudfront.net\/widget\/production\/app.latest.js\"><\/script><\/p>\n\n\n\n<h2 class=\"wp-block-heading\"><strong>Comment d\u00e9finir la longueur de vos cheveux pour trouver le bon tarif?<\/strong><\/h2>\n\n\n\n<p><strong>Cheveux courts<\/strong>\u00a0: jusqu&rsquo;au bas du visage. Pour des cheveux cr\u00e9pus, fris\u00e9s ou boucl\u00e9s, consid\u00e9rez la longueur \u00e9tir\u00e9e de vos cheveux.<\/p>\n\n\n\n<p><strong>Cheveux mi-longs<\/strong>\u00a0: une longueur de cheveux \u00e9tir\u00e9s qui va du bas du visage jusqu&rsquo; au dessus des \u00e9paules.<\/p>\n\n\n\n<p><strong>Cheveux longs<\/strong>\u00a0: une\u00a0longueur de cheveux qui va du dessus des \u00e9paules et jusqu&rsquo;aux omoplates.<\/p>\n\n\n\n<p><strong>Suppl\u00e9ment <\/strong>: nous appliquons un suppl\u00e9ment, environ 10 \u00e0 15 euros, pour les <strong>cheveux extra longs<\/strong> (au del\u00e0 des omoplates) ou pour les cheveux textur\u00e9s <strong>tr\u00e8s denses<\/strong>, ou <strong>volumineux <\/strong>qui demandent plus de temps au shampoing, au coiffage et plus de produits de soin.<\/p>\n\n\n\n<p>Nous d\u00e9terminons un \u00e9ventuel suppl\u00e9ment avec vous au salon lors du devis. Avant de commencer toute prestation et seulement si il est n\u00e9cessaire.<\/p>\n\n\n\n<h2 class=\"wp-block-heading\"><strong>Prix des coiffures<\/strong><\/h2>\n\n\n\n<p>Si vous avez un doute sur le d\u00e9tail de votre prestation, ou que vous envisagez de faire une prestation suppl\u00e9mentaire sur place, choisissez une prestation qui se rapproche de ce que vous souhaitez. Vous pourrez toujours modifier au salon.<\/p>\n\n\n\n<p>Et soyez rassur\u00e9e, \u00e0 votre arriv\u00e9e un devis sera effectu\u00e9 avec vous avant de commencer.<\/p>\n\n\n\n<p>Nos tarifs prennent aussi en compte le fait de travailler avec des marques et gammes de soins professionnelles, adapt\u00e9es aux besoins des cheveux textur\u00e9s comme\u00a0<a href=\"https:\/\/www.hollycurl.fr\/soins-design-essentials-la-marque-specialiste-des-cheveux-textures\/\">Design Essentials<\/a>, ou <a href=\"https:\/\/www.secretsdeloly.com\/pages\/histoire-marque\"><strong>Les Secrets de Loly<\/strong><\/a>. Ou bien encore <strong>L\u2019Or\u00e9al Professionnel<\/strong> pour la coloration.<\/p>\n\n\n\n<h2 class=\"wp-block-heading\"><strong>Prendre rendez-vous au salon par t\u00e9l\u00e9phone<\/strong><\/h2>\n\n\n\n<p>Pour plus de renseignements : <a href=\"tel:0148470377\">01 48 47 03 77<\/a> ou 07 49 40 77 69<\/p>\n\n\n\n<p><a href=\"https:\/\/www.hollycurl.fr\/salon-specialiste-cheveux-textures\/\">Le salon<\/a> est ouvert de <strong>10h \u00e0 19h du mardi au vendredi et de 9h \u00e0 19h les samedis<\/strong><\/p>\n\n\n\n<p><strong>Hollycurl coiffure : 12 avenue Gallieni 93130 Noisy le Sec. RER E et Tram Noisy le Sec \u00e0 150m.<\/strong><\/p>\n","protected":false},"excerpt":{"rendered":"<p>Pour prendre rendez-vous au salon \u00e0 tout moment et sans attendre c&rsquo;est simple et rapide avec notre agenda en ligne. (si l&rsquo;agenda ne s&rsquo;affiche pas correctement prenez votre rendez-vous en cliquant ici :\u00a0Planity). Une fois votre inscription effectu\u00e9e et votre rdv pris vous recevez un rappel la veille de votre rendez-vous. Et si vous pr\u00e9f\u00e9rez [&hellip;]<\/p>\n","protected":false},"author":5,"featured_media":0,"parent":0,"menu_order":0,"comment_status":"closed","ping_status":"closed","template":"","meta":{"footnotes":""},"class_list":["post-14","page","type-page","status-publish","czr-hentry"],"yoast_head":"<!-- This site is optimized with the Yoast SEO plugin v26.2 - https:\/\/yoast.com\/wordpress\/plugins\/seo\/ -->\n<title>Prendre rendez-vous au salon : nos prestations et tarifs - Hollycurl Coiffure<\/title>\n<meta name=\"description\" content=\"Agenda en ligne. Prendre rendez-vous au salon Hollycurl Coiffure, directement et \u00e0 toute heure. Retrouvez tous nos prix et coiffures.\" \/>\n<meta name=\"robots\" content=\"index, follow, max-snippet:-1, max-image-preview:large, max-video-preview:-1\" \/>\n<link rel=\"canonical\" href=\"https:\/\/www.hollycurl.fr\/?page_id=14\" \/>\n<meta property=\"og:locale\" content=\"fr_FR\" \/>\n<meta property=\"og:type\" content=\"article\" \/>\n<meta property=\"og:title\" content=\"Prendre rendez-vous au salon : nos prestations et tarifs - Hollycurl Coiffure\" \/>\n<meta property=\"og:description\" content=\"Agenda en ligne. Prendre rendez-vous au salon Hollycurl Coiffure, directement et \u00e0 toute heure. Retrouvez tous nos prix et coiffures.\" \/>\n<meta property=\"og:url\" content=\"https:\/\/www.hollycurl.fr\/?page_id=14\" \/>\n<meta property=\"og:site_name\" content=\"Hollycurl Coiffure\" \/>\n<meta property=\"article:publisher\" content=\"https:\/\/www.facebook.com\/Hollycurlcoiffure\/\" \/>\n<meta property=\"article:modified_time\" content=\"2023-09-15T09:22:02+00:00\" \/>\n<meta name=\"twitter:card\" content=\"summary_large_image\" \/>\n<meta name=\"twitter:label1\" content=\"Dur\u00e9e de lecture estim\u00e9e\" \/>\n\t<meta name=\"twitter:data1\" content=\"2 minutes\" \/>\n<script type=\"application\/ld+json\" class=\"yoast-schema-graph\">{\"@context\":\"https:\/\/schema.org\",\"@graph\":[{\"@type\":\"WebPage\",\"@id\":\"https:\/\/www.hollycurl.fr\/?page_id=14\",\"url\":\"https:\/\/www.hollycurl.fr\/?page_id=14\",\"name\":\"Prendre rendez-vous au salon : nos prestations et tarifs - Hollycurl Coiffure\",\"isPartOf\":{\"@id\":\"https:\/\/www.hollycurl.fr\/#website\"},\"datePublished\":\"2023-09-15T09:22:00+00:00\",\"dateModified\":\"2023-09-15T09:22:02+00:00\",\"description\":\"Agenda en ligne. Prendre rendez-vous au salon Hollycurl Coiffure, directement et \u00e0 toute heure. Retrouvez tous nos prix et coiffures.\",\"breadcrumb\":{\"@id\":\"https:\/\/www.hollycurl.fr\/?page_id=14#breadcrumb\"},\"inLanguage\":\"fr-FR\",\"potentialAction\":[{\"@type\":\"ReadAction\",\"target\":[\"https:\/\/www.hollycurl.fr\/?page_id=14\"]}]},{\"@type\":\"BreadcrumbList\",\"@id\":\"https:\/\/www.hollycurl.fr\/?page_id=14#breadcrumb\",\"itemListElement\":[{\"@type\":\"ListItem\",\"position\":1,\"name\":\"Accueil\",\"item\":\"https:\/\/www.hollycurl.fr\/\"},{\"@type\":\"ListItem\",\"position\":2,\"name\":\"Prendre rendez-vous au salon : nos prestations et tarifs\"}]},{\"@type\":\"WebSite\",\"@id\":\"https:\/\/www.hollycurl.fr\/#website\",\"url\":\"https:\/\/www.hollycurl.fr\/\",\"name\":\"Hollycurl Coiffure\",\"description\":\"\",\"publisher\":{\"@id\":\"https:\/\/www.hollycurl.fr\/#organization\"},\"potentialAction\":[{\"@type\":\"SearchAction\",\"target\":{\"@type\":\"EntryPoint\",\"urlTemplate\":\"https:\/\/www.hollycurl.fr\/?s={search_term_string}\"},\"query-input\":{\"@type\":\"PropertyValueSpecification\",\"valueRequired\":true,\"valueName\":\"search_term_string\"}}],\"inLanguage\":\"fr-FR\"},{\"@type\":\"Organization\",\"@id\":\"https:\/\/www.hollycurl.fr\/#organization\",\"name\":\"Hollycurl Coiffure\",\"url\":\"https:\/\/www.hollycurl.fr\/\",\"logo\":{\"@type\":\"ImageObject\",\"inLanguage\":\"fr-FR\",\"@id\":\"https:\/\/www.hollycurl.fr\/#\/schema\/logo\/image\/\",\"url\":\"https:\/\/www.hollycurl.fr\/wp-content\/uploads\/2020\/02\/logo512x512-NOIR.png\",\"contentUrl\":\"https:\/\/www.hollycurl.fr\/wp-content\/uploads\/2020\/02\/logo512x512-NOIR.png\",\"width\":505,\"height\":506,\"caption\":\"Hollycurl Coiffure\"},\"image\":{\"@id\":\"https:\/\/www.hollycurl.fr\/#\/schema\/logo\/image\/\"},\"sameAs\":[\"https:\/\/www.facebook.com\/Hollycurlcoiffure\/\",\"https:\/\/www.instagram.com\/hollycurlcoiffure\/\"]}]}<\/script>\n<!-- \/ Yoast SEO plugin. -->","yoast_head_json":{"title":"Prendre rendez-vous au salon : nos prestations et tarifs - Hollycurl Coiffure","description":"Agenda en ligne. Prendre rendez-vous au salon Hollycurl Coiffure, directement et \u00e0 toute heure. Retrouvez tous nos prix et coiffures.","robots":{"index":"index","follow":"follow","max-snippet":"max-snippet:-1","max-image-preview":"max-image-preview:large","max-video-preview":"max-video-preview:-1"},"canonical":"https:\/\/www.hollycurl.fr\/?page_id=14","og_locale":"fr_FR","og_type":"article","og_title":"Prendre rendez-vous au salon : nos prestations et tarifs - Hollycurl Coiffure","og_description":"Agenda en ligne. Prendre rendez-vous au salon Hollycurl Coiffure, directement et \u00e0 toute heure. Retrouvez tous nos prix et coiffures.","og_url":"https:\/\/www.hollycurl.fr\/?page_id=14","og_site_name":"Hollycurl Coiffure","article_publisher":"https:\/\/www.facebook.com\/Hollycurlcoiffure\/","article_modified_time":"2023-09-15T09:22:02+00:00","twitter_card":"summary_large_image","twitter_misc":{"Dur\u00e9e de lecture estim\u00e9e":"2 minutes"},"schema":{"@context":"https:\/\/schema.org","@graph":[{"@type":"WebPage","@id":"https:\/\/www.hollycurl.fr\/?page_id=14","url":"https:\/\/www.hollycurl.fr\/?page_id=14","name":"Prendre rendez-vous au salon : nos prestations et tarifs - Hollycurl Coiffure","isPartOf":{"@id":"https:\/\/www.hollycurl.fr\/#website"},"datePublished":"2023-09-15T09:22:00+00:00","dateModified":"2023-09-15T09:22:02+00:00","description":"Agenda en ligne. Prendre rendez-vous au salon Hollycurl Coiffure, directement et \u00e0 toute heure. Retrouvez tous nos prix et coiffures.","breadcrumb":{"@id":"https:\/\/www.hollycurl.fr\/?page_id=14#breadcrumb"},"inLanguage":"fr-FR","potentialAction":[{"@type":"ReadAction","target":["https:\/\/www.hollycurl.fr\/?page_id=14"]}]},{"@type":"BreadcrumbList","@id":"https:\/\/www.hollycurl.fr\/?page_id=14#breadcrumb","itemListElement":[{"@type":"ListItem","position":1,"name":"Accueil","item":"https:\/\/www.hollycurl.fr\/"},{"@type":"ListItem","position":2,"name":"Prendre rendez-vous au salon : nos prestations et tarifs"}]},{"@type":"WebSite","@id":"https:\/\/www.hollycurl.fr\/#website","url":"https:\/\/www.hollycurl.fr\/","name":"Hollycurl Coiffure","description":"","publisher":{"@id":"https:\/\/www.hollycurl.fr\/#organization"},"potentialAction":[{"@type":"SearchAction","target":{"@type":"EntryPoint","urlTemplate":"https:\/\/www.hollycurl.fr\/?s={search_term_string}"},"query-input":{"@type":"PropertyValueSpecification","valueRequired":true,"valueName":"search_term_string"}}],"inLanguage":"fr-FR"},{"@type":"Organization","@id":"https:\/\/www.hollycurl.fr\/#organization","name":"Hollycurl Coiffure","url":"https:\/\/www.hollycurl.fr\/","logo":{"@type":"ImageObject","inLanguage":"fr-FR","@id":"https:\/\/www.hollycurl.fr\/#\/schema\/logo\/image\/","url":"https:\/\/www.hollycurl.fr\/wp-content\/uploads\/2020\/02\/logo512x512-NOIR.png","contentUrl":"https:\/\/www.hollycurl.fr\/wp-content\/uploads\/2020\/02\/logo512x512-NOIR.png","width":505,"height":506,"caption":"Hollycurl Coiffure"},"image":{"@id":"https:\/\/www.hollycurl.fr\/#\/schema\/logo\/image\/"},"sameAs":["https:\/\/www.facebook.com\/Hollycurlcoiffure\/","https:\/\/www.instagram.com\/hollycurlcoiffure\/"]}]}},"_links":{"self":[{"href":"https:\/\/www.hollycurl.fr\/index.php?rest_route=\/wp\/v2\/pages\/14","targetHints":{"allow":["GET"]}}],"collection":[{"href":"https:\/\/www.hollycurl.fr\/index.php?rest_route=\/wp\/v2\/pages"}],"about":[{"href":"https:\/\/www.hollycurl.fr\/index.php?rest_route=\/wp\/v2\/types\/page"}],"author":[{"embeddable":true,"href":"https:\/\/www.hollycurl.fr\/index.php?rest_route=\/wp\/v2\/users\/5"}],"replies":[{"embeddable":true,"href":"https:\/\/www.hollycurl.fr\/index.php?rest_route=%2Fwp%2Fv2%2Fcomments&post=14"}],"version-history":[{"count":158,"href":"https:\/\/www.hollycurl.fr\/index.php?rest_route=\/wp\/v2\/pages\/14\/revisions"}],"predecessor-version":[{"id":1998,"href":"https:\/\/www.hollycurl.fr\/index.php?rest_route=\/wp\/v2\/pages\/14\/revisions\/1998"}],"wp:attachment":[{"href":"https:\/\/www.hollycurl.fr\/index.php?rest_route=%2Fwp%2Fv2%2Fmedia&parent=14"}],"curies":[{"name":"wp","href":"https:\/\/api.w.org\/{rel}","templated":true}]}}